 j.
2, 53
Let f(t) = -2*t**3 - t**2 + 8*t + 6. Let v be f(-3). Let l = -18 + v. What are the prime factors of l?
3
Suppose 4*o = -30 + 6. List the prime factors of 20/o*18/(-5).
2, 3
Let h be 2 + (0 - (-2)/(-2)). Let m be (h/(-2))/((-1)/2). What are the prime factors of (0 - m)/(2/(-14))?
7
Let r = 46 + -16. Suppose -2*m + m = -5*z + 10, -5*m - r = -5*z. List the prime factors of z + 2 + (-6)/(-2).
2, 3
Suppose -3*n + 2*w = -2*w - 21, 3*w + 9 = 0. Suppose 13 = m + n*c, 0 = 3*m - 2*m + 5*c - 9. List the prime factors of m.
19
Let v = 67 + -5. Let d = v + -10. Suppose 2*o = 5*p - d, -20 = -4*o - o. List the prime factors of p.
2, 3
Suppose 5*w = 3*q + 13 - 121, -5*q + 4*w = -180. Let v be 3 + -2 + 0 + q. Suppose v = 5*h - 13. List the prime factors of h.
2, 5
Let p(k) = k**2 + 6*k + 7. Let l be p(-5). Suppose -2*h + l + 2 = 0, 4*a = -5*h + 38. What are the prime factors of a?
7
Let p be 1/(-4)*-6*2. Suppose -u + 36 = 3*a + 2*u, -p*u - 28 = -5*a. List the prime factors of a + -9 - 10/(-1).
3
Suppose 0 = -5*o + 4*u + 1772, 4*o - 4*u - 1792 = -376. What are the prime factors of o?
2, 89
Let u = 204 + -120. List the prime factors of u.
2, 3, 7
Let x(h) = -5*h + 5. Let a(r) = -r + 1. Let q(z) = -18*a(z) + 4*x(z). What are the prime factors of q(-5)?
2, 3
Suppose -3*w + 99 = 6*m - m, w = -2*m + 40. Suppose t = m + 34. What are the prime factors of t?
5, 11
Suppose 2 = -5*n + 12. Suppose -n*k - 2*x + 15 = -x, 5*k = -3*x + 40. Suppose 1 = y, 0*y = -k*f + 4*y + 26. List the prime factors of f.
2, 3
Suppose 0*l + l = 5*r - 12, 5*r = 5*l + 20. What are the prime factors of (-6)/((-6)/r) - -3?
5
Let c(s) = s + 1. Let x(m) = m + 1. Let y be x(-5). Let v be c(y). List the prime factors of (-130)/(-15) + (-1)/v.
3
Let l(o) = -o**3 + o**2 - o - 10. List the prime factors of l(-6).
2, 31
Let q(d) = 2*d**2 + 15*d + 3. What are the prime factors of q(-8)?
11
Let r(l) = -l**3 - 5*l**2 - 6*l - 5. Let z be r(-4). Let n(s) = -4*s - 3. Let j(g) = -2*g - 1. Let q(u) = -9*j(u) + 4*n(u). What are the prime factors of q(z)?
3
Let m be (-11)/(-2) + (-18)/(-12). Suppose -m*i = -128 - 75. List the prime factors of i.
29
Let u(o) = o**2 - 2*o - 3. Let w be u(4). Suppose 0*g - w*g + 85 = 0. List the prime factors of g.
17
Let v = 4 + 1. Suppose 0 = -0*c - c + v. Suppose -5*t = -a + 7, -2*a + c*t - 2*t = -14. What are the prime factors of a?
7
Let d(v) = 13*v + 8. List the prime factors of d(2).
2, 17
List the prime factors of (5 + -84)/(-3 - -2).
79
Let s be (1 + 8)/(4/(-8)). Let w be (2/4)/((-1)/s). Let l = -4 + w. List the prime factors of l.
5
Let w(x) = -x. Let h(d) = 5*d - 13. Let k be 1*(1 - 2 - 5). Let g(f) = k*w(f) - h(f). What are the prime factors of g(-7)?
2, 3
Suppose 2*z = -4*l - z + 59, z = 2*l - 17. List the prime factors of l.
11
Suppose -w = -2*s + 21, -w - 10 - 1 = -s. Let q = 15 - s. Suppose o - q*u + 18 = 0, 0 = u + u - 10. List the prime factors of o.
7
Suppose 2*z = 4*z + 8. List the prime factors of 28/(-3)*(z + 1).
2, 7
Let z = 0 + 0. Suppose 0 = -4*t + 2*t + 4. Suppose -4*s - 2*c + 52 = -s, z = t*s + 5*c - 42. What are the prime factors of s?
2
Let h be -1 + 3 - (-1 + 1). Suppose w - 5*y + 19 = 0, h*w = 2*y - 2 - 12. List the prime factors of (-1 - w)/(1/5).
3, 5
List the prime factors of ((-469)/35)/(-2 - 18/(-10)).
67
Let c(q) be the first derivative of -q**3/3 + 9*q**2/2 - 9*q - 1. Suppose -4*p + 3 = -21. List the prime factors of c(p).
3
Suppose -9*b + 8*b = -42. Let i = 76 - b. What are the prime factors of i?
2, 17
Let f = 1 - -1. List the prime factors of f.
2
Suppose 0 = -4*b - 4 - 136. Suppose 3*z = 7*z - 40. What are the prime factors of ((-12)/z)/(7/b)?
2, 3
Suppose -z + 2*a = -159, 0 = 2*z - 6*z + 4*a + 636. What are the prime factors of z?
3, 53
Let d(f) = 2*f**3 - 11*f**2 + 16*f - 15. What are the prime factors of d(6)?
3, 13
Let u be 27 + (4 + -3)*-2. Suppose u = 5*o - g + 1, 3*g - 4 = -4*o. What are the prime factors of (-18)/o*(-28)/21?
2, 3
List the prime factors of (114 - (-9)/(-3)) + 0.
3, 37
Suppose 2*r = -3*x - 19, -40 = 3*r - r - 4*x. Let c = 2 - 6. Let m = c - r. What are the prime factors of m?
2, 5
Suppose 4*p + 32 = -0*p. Let z(f) = -2*f - 12. Let u be z(p). Suppose -2*g + u*d + 0*d + 34 = 0, 4*d + 6 = -2*g. List the prime factors of g.
7
Let f be (-2 + 49)*(-3)/(-3). Let o = 5 + f. Suppose -o = -3*n + v, 4*n = n + 5*v + 68. What are the prime factors of n?
2
Suppose 2*k + 52 = 4*k. What are the prime factors of k?
2, 13
Suppose 9 = 5*q - 6, -4 = -4*z + 4*q. What are the prime factors of 61/3 + z/6?
3, 7
Let p be 3/(-6)*0 - 18. Let u be 4/p - 25/9. List the prime factors of 2/(1 - u/(-6)).
2
What are the prime factors of (-4)/6 + 615/45?
13
Let z be ((-2)/4)/((-8)/48). Suppose 4*t = -4*f + 228, z*t = -4 + 19. List the prime factors of f.
2, 13
Suppose 4*c - 84 = 44. What are the prime factors of c?
2
Let j(p) = -p**2 - 4*p + 3. Let o be j(-5). Let z be -2*(23/(-2) - o). Suppose 3*x - 8 = z. List the prime factors of x.
3
Suppose -2*d - 8 = 4*w + 2*d, 0 = -2*d - 10. Suppose -w*x + 8 + 124 = 0. List the prime factors of x.
2, 11
Let f = 167 - 42. List the prime factors of f.
5
Let t be (-3)/(-12) + 14/8. Let n(q) = 4*q + t - 5*q + 2 + 8. List the prime factors of n(6).
2, 3
List the prime factors of -2 + 28/13 - (-5970)/65.
2, 23
Suppose 3*k + 6 = 6*k. Let a = -5 + k. Let j(x) = -x**2 - 7*x - 1. What are the prime factors of j(a)?
11
Let h(x) = -4*x + 1. Let y be h(-4). Suppose -y = u - 2*u. List the prime factors of u.
17
Let z be 1*(0 + -5) + 0. Let g = z - -8. List the prime factors of g.
3
Let c(b) = -b**3 + b**2 + 3*b + 3. What are the prime factors of c(-3)?
2, 3, 5
Let j be 2/(-8) + 525/20. Suppose -5*m + j = -54. List the prime factors of m.
2
Let t = 3 - 10. Let b = 19 + t. What are the prime factors of b?
2, 3
Let w = -11 + 17. Suppose -2*d = -d - 2*y - w, 0 = 5*d + 5*y. What are the prime factors of d?
2
Suppose -k = 2*k. Suppose -5*x + 27 - 7 = k. List the prime factors of x.
2
Let m(w) = -w**3 + 6*w**2 + 8*w - 3. Let q be m(7). Suppose q*a - 28 - 72 = 0. Suppose -z = 4*z - a. List the prime factors of z.
5
Let c = -328 + 472. List the prime factors of c.
2, 3
Let m(d) = -2*d**2 + 5*d + 7. Let o be m(5). Let x(z) = -2*z - 5. Let u be x(12). Let r = o - u. What are the prime factors of r?
11
Let v = 154 - 64. List the prime factors of v.
2, 3, 5
Suppose t - 23 = -w - 76, 156 = -3*t - 2*w. Let a = -28 - t. List the prime factors of a.
2, 11
What are the prime factors of ((-72)/28)/((-4)/((-224)/(-3)))?
2, 3
Suppose -60 = -p - 2*s, -4*p = -p + 3*s - 189. Suppose 2*a = -3*w + p, -3*w + 2*a - 110 = -8*w. List the prime factors of w.
2, 11
Let j be 7 - 10 - (-2 + -1). Suppose 0 = t - 3*u - 2, -5*t - 2*u - 12 + 5 = j. Let b(p) = -10*p + 1. List the prime factors of b(t).
11
Suppose 0 = -5*d + 2*d + 9. Suppose 0 = -4*t + 9*t - 20. Suppose r + 91 = t*u + 17, u + d*r = 12. List the prime factors of u.
2, 3
Let w be -10 + (0/(-2))/(-2). Let l = 14 + w. Suppose -5*z - 4*p + 27 = 0, -z - 3 = l*p - 2. List the prime factors of z.
7
Suppose -4*x - 8 = -2*u + 7*u, 0 = -u + 4*x - 16. List the prime factors of ((-22)/(-4))/((-2)/u).
11
Let t = -20 + 44. What are the prime factors of t?
2, 3
Suppose -32 = -3*v + b, 3*v - 19 = v + 3*b. Suppose -3*g = t - v, -49 = -5*t - g + 20. List the prime factors of t.
2, 7
Suppose -h + 5 = 0, 2*j - 2*h = -5 - 1. Suppose 3*o + 129 = 5*q, j*q + o - 62 = -3*o. List the prime factors of q.
3
Suppose 3*a - 5*f + 6 = 4*a, -4*f = 4*a - 24. List the prime factors of a.
2, 3
Let u = 258 - -29. What are the prime factors of u?
7, 41
Suppose -4*z = m - 3 - 1, -m = -4*z - 4. Suppose -r - m*r = 5. Let f = r + 13. List the prime factors of f.
2, 3
Let r be 1 - (4 - (6 - 3)). List the prime factors of (r + 1)/(4/24).
2, 3
Suppose 4*c + 5*t = 108, 2*c - 3*t - 48 = -7*t. Let o be (-2 + 7/3)*9. Suppose o*j - 6*x = -3*x + 60, 2*j - c = -2*x. List the prime factors of j.
2, 3
Let o be (-47)/(-5) + 4/(-10). Suppose 2*t = -t + o. What are the prime factors of t?
3
Let j(m) = 2*m**2 + 2*m - 1. Let c be j(1). Suppose -c*l - l + 40 = -2*v, l = -2*v + 20. List the prime factors of l.
2, 3
Suppose 0 = 2*l - 5*a - 4, 0 = -2*a. Let c be ((-3)/2)/(5/(-10)). Suppose -c*j = 3, j = -t + l*t - 3. List the prime factors of t.
2